 prime factors of 3455?
5, 691
List the prime factors of 72441.
3, 2683
What are the prime factors of 582?
2, 3, 97
List the prime factors of 75554.
2, 37, 1021
What are the prime factors of 16025?
5, 641
List the prime factors of 24688.
2, 1543
What are the prime factors of 7114?
2, 3557
What are the prime factors of 11946?
2, 3, 11, 181
List the prime factors of 30035.
5, 6007
What are the prime factors of 3792?
2, 3, 79
What are the prime factors of 475?
5, 19
List the prime factors of 7291.
23, 317
List the prime factors of 957.
3, 11, 29
List the prime factors of 3394.
2, 1697
List the prime factors of 2536.
2, 317
List the prime factors of 10008.
2, 3, 139
What are the prime factors of 12415?
5, 13, 191
What are the prime factors of 63163?
83, 761
List the prime factors of 38.
2, 19
What are the prime factors of 14149?
14149
List the prime factors of 914.
2, 457
List the prime factors of 59137.
13, 4549
List the prime factors of 12691.
7, 37
What are the prime factors of 20540?
2, 5, 13, 79
List the prime factors of 1161.
3, 43
List the prime factors of 139.
139
What are the prime factors of 120505?
5, 7, 11, 313
What are the prime factors of 16926?
2, 3, 7, 13, 31
List the prime factors of 3218.
2, 1609
What are the prime factors of 5831?
7, 17
List the prime factors of 55265.
5, 7, 1579
List the prime factors of 1206.
2, 3, 67
List the prime factors of 33034.
2, 83, 199
List the prime factors of 46406.
2, 23203
List the prime factors of 1439.
1439
What are the prime factors of 1019?
1019
List the prime factors of 488.
2, 61
List the prime factors of 967.
967
What are the prime factors of 13178?
2, 11, 599
What are the prime factors of 7965?
3, 5, 59
What are the prime factors of 30845?
5, 31, 199
List the prime factors of 63068.
2, 15767
What are the prime factors of 41758?
2, 20879
What are the prime factors of 4504?
2, 563
List the prime factors of 6480.
2, 3, 5
What are the prime factors of 82830?
2, 3, 5, 11, 251
List the prime factors of 3672.
2, 3, 17
List the prime factors of 1333.
31, 43
What are the prime factors of 616?
2, 7, 11
What are the prime factors of 117202?
2, 58601
List the prime factors of 22408.
2, 2801
What are the prime factors of 76111?
7, 83, 131
What are the prime factors of 1879?
1879
List the prime factors of 3488.
2, 109
What are the prime factors of 18198?
2, 3, 337
What are the prime factors of 22259?
22259
List the prime factors of 111747.
3, 193
List the prime factors of 317.
317
List the prime factors of 65786.
2, 7, 37, 127
What are the prime factors of 22567?
22567
What are the prime factors of 1079?
13, 83
List the prime factors of 15056.
2, 941
List the prime factors of 15897.
3, 7, 757
What are the prime factors of 2148?
2, 3, 179
List the prime factors of 1758.
2, 3, 293
List the prime factors of 6775.
5, 271
What are the prime factors of 143157?
3, 7, 17, 401
List the prime factors of 5953.
5953
What are the prime factors of 30698?
2, 15349
List the prime factors of 2107.
7, 43
List the prime factors of 25036.
2, 11, 569
List the prime factors of 1262.
2, 631
What are the prime factors of 684?
2, 3, 19
List the prime factors of 2157.
3, 719
What are the prime factors of 6293?
7, 29, 31
What are the prime factors of 1986?
2, 3, 331
What are the prime factors of 6540?
2, 3, 5, 109
List the prime factors of 19392.
2, 3, 101
List the prime factors of 3735.
3, 5, 83
What are the prime factors of 6178?
2, 3089
List the prime factors of 3438.
2, 3, 191
List the prime factors of 107239.
11, 9749
What are the prime factors of 26886?
2, 3, 4481
What are the prime factors of 23556?
2, 3, 13, 151
List the prime factors of 66970.
2, 5, 37, 181
What are the prime factors of 3770?
2, 5, 13, 29
What are the prime factors of 395?
5, 79
List the prime factors of 2088.
2, 3, 29
What are the prime factors of 5633?
43, 131
What are the prime factors of 41140?
2, 5, 11, 17
What are the prime factors of 1444?
2, 19
What are the prime factors of 526?
2, 263
What are the prime factors of 137569?
47, 2927
List the prime factors of 292.
2, 73
What are the prime factors of 59?
59
What are the prime factors of 17829?
3, 7, 283
List the prime factors of 4206.
2, 3, 701
What are the prime factors of 2594?
2, 1297
What are the prime factors of 8867?
8867
What are the prime factors of 14755?
5, 13, 227
List the prime factors of 128.
2
What are the prime factors of 1597?
1597
What are the prime factors of 14111?
103, 137
List the prime factors of 4570.
2, 5, 457
List the prime factors of 729.
3
List the prime factors of 31185.
3, 5, 7, 11
What are the prime factors of 1038?
2, 3, 173
What are the prime factors of 196?
2, 7
List the prime factors of 222.
2, 3, 37
List the prime factors of 355.
5, 71
List the prime factors of 1433.
1433
List the prime factors of 57829.
57829
What are the prime factors of 1032?
2, 3, 43
List the prime factors of 2.
2
What are the prime factors of 112792?
2, 23, 613
What are the prime factors of 14876?
2, 3719
List the prime factors of 53180.
2, 5, 2659
What are the prime factors of 1791?
3, 199
What are the prime factors of 16734?
2, 3, 2789
List the prime factors of 70626.
2, 3, 79, 149
What are the prime factors of 4593?
3, 1531
List the prime factors of 20293.
7, 13, 223
What are the prime factors of 127518?
2, 3, 53, 401
List the prime factors of 38877.
3, 12959
List the prime factors of 7105.
5, 7, 29
What are the prime factors of 20000?
2, 5
What are the prime factors of 73210?
2, 5, 7321
What are the prime factors of 23527?
7, 3361
List the prime factors of 1494.
2, 3, 83
List the prime factors of 82453.
7, 11779
List the prime factors of 2416.
2, 151
List the prime factors of 742.
2, 7, 53
List the prime factors of 13917.
3, 4639
List the prime factors of 5224.
2, 653
List the prime factors of 103.
103
What are the prime factors of 609?
3, 7, 29
List the prime factors of 8902.
2, 4451
What are the prime factors of 2217?
3, 739
List the prime factors of 9831.
3, 29, 113
What are the prime factors of 73336?
2, 89, 103
What are the prime factors of 2450?
2, 5, 7
List the prime factors of 3761.
3761
List the prime factors of 1451.
1451
What are the prime factors of 17264?
2, 13, 83
What are the prime factors of 633?
3, 211
What are the prime factors of 135363?
3, 45121
What are the prime factors of 5965?
5, 1193
List the prime factors of 2064.
2, 3, 43
What are the prime factors of 30704?
2, 19, 101
List the prime factors of 52578.
2, 3, 23, 127
List the prime factors of 95499.
3, 131
List the prime factors of 19563.
3, 6521
What are the prime factors of 1087?
1087
List the prime factors of 141680.
2, 5, 7, 11, 23
What are the prime factors of 42706?
2, 131, 163
What are the prime factors of 63238?
2, 7, 4517
What are the prime factors of 209?
11, 19
List the prime factors of 41205.
3, 5, 41, 67
List the prime factors of 4637.
4637
What are the prime factors of 12169?
43, 283
What are the prime factors of 6318?
2, 3, 13
What are the prime factors of 1824?
2, 3, 19
List the prime factors of 2683.
2683
List the prime factors of 8309.
7, 1187
List the prime factors of 771.
3, 257
List the prime factors of 984.
2, 3, 41
What are the prime factors of 10077?
3, 3359
What are the prime factors of 25085?
5, 29, 173
List the prime factors of 1751.
17, 103
What are the prime factors of 17545?
5, 11, 29
List the prime factors of 40861.
29, 1409
What are the prime factors of 6797?
7, 971
What are the prime factors of 1003?
17, 59
List the prime factors of 1035.
3, 5, 23
What are the prime factors of 72303?
3, 7, 11, 313
What are the prime factors of 14084?
2, 7, 503
List the prime factors of 19267.
19267
List the prime factors of 1911.
3, 7, 13
List the prime factors of 2971.
2971
List the prime factors of 1139.
17, 67
List the prime factors of 37951.
37951
What are the prime factors of 1127?
7, 23
List the prime factors of 768.
2, 3
List the prime factors of 49770.
2, 3, 5, 7, 79
List the prime factors of 8662.
2, 61, 71
List the prime factors of 89820.
2, 3, 5, 499
List the prime factors of 11819.
53, 223
What are the prime factors of 24923?
24923
What are the prime factors of 82746?
2, 3, 4597
List the prime factors of 6965.
5, 7, 199
What are the prime factors of 707?
7, 101
List the prime factor